j = -2*d - a, -5*a - 42 = -3*d. Is d a prime number?
False
Suppose -5*m - 34 = 3*a, 1 - 17 = m - 4*a. Let d be ((-252)/m)/((-2)/(-4)). Suppose -g + d + 0 = 5*r, -3*g = 3*r - 33. Is r a prime number?
True
Let a = -292 - -431. Is a a composite number?
False
Suppose 0 = 2*k - 5*k - 4*w + 2269, 4*w = -2*k + 1510. Suppose 0*q + k = 3*q. Is q prime?
False
Suppose 4*v - 4*r + 213 = 37, 2*v = 4*r - 88. Let n = -13 - v. Is n a prime number?
True
Let j = 11 - 7. Suppose 204 + 320 = j*t. Is t prime?
True
Let s = -60 + 28. Let g = s - -91. Is g a composite number?
False
Suppose -m + 68 + 143 = 0. Is m composite?
False
Let l be 14/2*(-22)/(-1). Suppose 2*y - 4*n = -0*n + l, -2 = -2*n. Is y a composite number?
False
Let h = 67 - -147. Is h prime?
False
Let j = 222 - 51. Let t = -52 + j. Is t composite?
True
Let n(s) = -s**2 + 5*s - 3. Let x be n(5). Let y = -6 - x. Is 3 + (-222)/(y + 0) prime?
False
Suppose 0 = k + 2*j - 8, j - 8 = -2*k - j. Suppose -2*a + 665 = 5*z, -4*z + 4*a - 2*a + 532 = k. Is z prime?
False
Let j(f) = -8*f + 1. Suppose 4*i = -i - 15. Is j(i) a prime number?
False
Let y be 1/2 - (-7485)/6. Suppose -2*i = i + y. Let z = -289 - i. Is z prime?
True
Let d = 1208 - 635. Is d a composite number?
True
Suppose 0*j - 4*j = -5*o + 171, 3 = 3*j. Is o a composite number?
True
Suppose 4*f = 4*b - 37 - 3, -38 = 5*f - b. Is (-2)/7 + (-331)/f a prime number?
True
Let l(r) = 6 - 3 - r**2 + r + 3*r**2. Is l(-4) a prime number?
True
Let t = 246 + 539. Is t a prime number?
False
Let p be -1 + (3 + 1 - 3). Suppose p*i = -3*i + 15. Suppose -2*a + 368 = i*v - 72, -2*v = 2*a - 434. Is a a prime number?
False
Let c(u) be the first derivative of -u**4/4 + 2*u**3/3 + u**2 + 2*u - 2. Let d be ((-6)/9)/(2/6). Is c(d) a prime number?
False
Suppose 2*x + 0*x - 12 = 0. Let a be x/(-5)*(-10)/3. Suppose 106 = a*g - 226. Is g a composite number?
False
Suppose -6*a + 2*a = -20. Suppose -7*c + 2*c + 260 = 5*j, a*c = -2*j + 263. Is c a prime number?
True
Suppose -5*q + 3*q = 3810. Is ((-4)/(-6))/((-10)/q) prime?
True
Let q = -4 - -6. Suppose -t = 7*h - q*h + 25, -5*h - 25 = -t. Let n = 2 - h. Is n prime?
True
Let q be (-26)/(-8) - (-2)/(-8). Suppose 28 = q*h - h. Is h composite?
True
Suppose -4*i = -3*t + 651, -5*t + 3*i - 4*i = -1108. Is t composite?
True
Let s = 2650 - 147. Is s a prime number?
True
Let t(h) = -h**2 + 3*h + 835. Is t(0) composite?
True
Is 1/(-3) + 2000/24 composite?
False
Let i be (-1682)/(-2) + (2 - -1). Suppose 0 = -a + 3*r + 268, -5*a + 448 + i = r. Is a composite?
True
Suppose 36 = r - 15. Is r prime?
False
Let s(f) = 75*f**2 + 10*f + 1. Is s(6) a composite number?
True
Let h(r) = 4*r**2 + 6*r - 5. Let i be h(-5). Let t = 268 - i. Is t composite?
True
Let v = -20 - -34. Suppose -50 = -2*a + v. Suppose 3*s - a - 145 = 0. Is s a prime number?
True
Let o(x) = x + 2. Suppose a = 2*l - 18, 2*l + 5*a - 18 = 3*a. Is o(l) a prime number?
True
Let s be -1*1 + (-4 - -16). Let z(f) = -f**2 + 17*f - 7. Is z(s) composite?
False
Let h(u) = -12*u**3 - 2*u**2 - 2*u + 2. Is h(-2) a composite number?
True
Suppose 11 = 4*i + 3. Let p(a) = i - 2 - 8*a - 2. Is p(-6) a composite number?
True
Is (-2361)/(-7) + (-14)/49 a prime number?
True
Let v be (-41)/6 - (-6)/(-36). Let c = 44 + v. Is c composite?
False
Let w(i) = 6*i**3 - 1. Let j be w(1). Suppose -v - 2*d - 11 = 0, 3*v + 0*v + j*d + 28 = 0. Let y(k) = -288*k - 1. Is y(v) a composite number?
True
Let t(n) = 79*n + 2. Let s be t(2). Suppose 4*q - 409 = 4*z + 27, z = 5*q - 117. Let a = z + s. Is a composite?
False
Suppose -528 = -2*v - a + 299, 2*v - 818 = -4*a. Is v prime?
False
Let z = 5122 - 2699. Is z composite?
False
Let s(m) = -m**3 + 10*m**2 + 18*m - 10. Is s(7) prime?
True
Let n be ((-4)/3)/(6/(-9)). Let p(k) = -k**3 + 7*k**2 - 2*k - 5. Let t be p(5). Let f = n + t. Is f prime?
True
Let z(q) = 0*q - 5 - q**2 - 3 - 10*q. Let y = -3 - 4. Is z(y) prime?
True
Let o(a) = -a**2 + 7*a + 13. Let j be o(9). Is ((-22)/j)/(1/5) a prime number?
False
Suppose -n - 8 = d - 2*d, -3*n + 5*d = 24. Is (-6)/4 - 1492/n prime?
False
Let n = 223 + -605. Let b = 551 + n. Is b prime?
False
Suppose -3*l = -5*g + 1058, -2*l = 3*g - 0*l - 631. Is g prime?
True
Is (1*(-3)/6)/(2/(-260)) composite?
True
Suppose 0 = 4*d - 1210 + 366. Is d a composite number?
False
Let a(q) = -2*q - 3. Let w(j) = 5*j + 7. Let p(t) = -7*a(t) - 3*w(t). Let z be p(0). Suppose z*g - g = -23. Is g composite?
False
Let q(s) = s**3 + 15*s**2 - 11*s - 2. Is q(-15) prime?
True
Suppose -n - 601 = -5*f, -4*n = -6*f + 2*f + 468. Is f a composite number?
True
Suppose -4*a - 24 = -b + 2*b, -5*a + 5*b - 5 = 0. Let i(q) = 3*q**2 - 2*q + 4. Is i(a) prime?
True
Let w(d) = -d**3 - 3*d - 1. Let f be w(-4). Let h = 202 - f. Is h a composite number?
False
Is 92 - 4/((-16)/(-12)) composite?
False
Suppose 2*b - 6*b - 4*k = -516, -2*k + 657 = 5*b. Is b prime?
False
Let g(x) = -x**3 - 7*x**2 - x - 17. Let d be g(-7). Let k(i) = -65*i - 15. Is k(d) a prime number?
False
Suppose -5*y = j + j - 17531, -10500 = -3*y + 5*j. Is y a prime number?
False
Suppose t + 3*q = 27, 4*t - q = -43 + 138. Is 3568/t*(-3)/(-2) prime?
True
Let f = -27 - -70. Is f a prime number?
True
Let c = -90 + 281. Is c a prime number?
True
Let k = -11 - -19. Suppose 0 = 3*v - 5 - 4. Suppose -v*y + 49 = -k. Is y prime?
True
Suppose 5*g + 4*n + 9 = 2, 4*n + 9 = -3*g. Is ((-25)/(-10))/(g/22) prime?
False
Let x(k) = -k**3 + 7*k**2 - 7*k + 5. Let w be x(6). Let c(v) = 162*v**2 + 1. Is c(w) a composite number?
False
Let g = -7 - -11. Suppose -5*k + 53 = -g*k. Is k a prime number?
True
Suppose 3*x = -4*a - 121 - 576, 870 = -5*a - 5*x. Let o = a + 396. Is o a prime number?
False
Let s(c) = 228*c + 1. Is s(9) a composite number?
False
Let q = 35 + -9. Let f(z) = -3*z**3 - z**2 - 3*z + 4. Let j be f(-3). Let o = j - q. Is o a composite number?
False
Let u = 69 - 38. Let o(j) = -3 - 37*j - u*j + 15*j. Is o(-4) a prime number?
False
Let m(v) = v**3 + 10*v**2 + 9*v + 3. Let l = -25 - -16. Let r be m(l). Suppose 2*s + 70 = 5*y - 3, -y + r*s + 12 = 0. Is y prime?
False
Suppose 4*l - 362 = -3*k - 0*k, 4*k - 490 = 2*l. Is k a composite number?
True
Suppose -13*w + 11631 = -15422. Is w composite?
False
Let y = -397 - 320. Let u = -506 - y. Is u a composite number?
False
Suppose 0 = 2*t - 0*t + 8. Let x(o) = -65*o + 3. Is x(t) a prime number?
True
Let c(h) = -130*h**2 - 2*h - 2. Let p be c(-2). Let q be (-152)/57*3/2. Is p/(-8) + (-1)/q prime?
False
Let p be (2 - (0 - -10))/(-1). Suppose -5*s - 81 = -p*s. Let m = -6 + s. Is m a composite number?
True
Let t = 83405 + -52615. Is t/130 + 2/13 a composite number?
True
Suppose 4*b - 5*l - 683 = 0, 0 = 5*b - 5*l + l - 865. Is b composite?
True
Let y(d) = 4*d - 2*d - 7 - 5. Let a be y(8). Suppose z + 2*z - 174 = -3*f, -a*f + 5*z = -241. Is f a composite number?
False
Suppose 4*o + 1600 = -4*k, -2*o + 3*k - 403 = 387. Let i = 565 + o. Is i prime?
True
Let j = -14 + 35. Suppose -r + 3 = 5. Let x = r + j. Is x a composite number?
False
Suppose 0 = -0*t + 2*t - 2. Is t/(1*3/393) a prime number?
True
Suppose 9*l = 2247 + 3360. Is l a composite number?
True
Let k(d) = -3*d - 85. Let r(v) = -2*v - 57. Let z(l) = -5*k(l) + 7*r(l). Is z(0) a prime number?
False
Let v(s) be the third derivative of s**7/5040 + 149*s**6/720 - s**5/20 + s**2. Let r(w) be the third derivative of v(w). Is r(0) composite?
False
Suppose -5*o + m = 39, 5*o - 3*m - 2*m + 55 = 0. Is (-800)/(-56) + 2/o a prime number?
False
Let z(l) = 1003*l. Is z(1) a prime number?
False
Let c = 3 - 3. Suppose 3*n + 3*v + 0*v - 684 = c, 3*n - 679 = -2*v. Is n a prime number?
True
Let l be (18/15)/((-6)/15). Let n(g) = 15*g**2 - g + 4. Is n(l) composite?
True
Let d = 187 + 210. Is d a composite number?
False
Suppose 0 = 2*z - r - 2, -z + 2*z = 3*r + 6. Suppose -5*p + 5*m = -z*p + 40, m = -3*p - 16. Let q = p - -20. Is q prime?
False
Suppose 4*m - 2*r = 94, -4*r + 37 = -m + 2*m. Is m a composite number?
True
Suppose 3*u + 5 = -b, 0 = b - 3*b - 4*u - 8. Let m = 6 + b. Suppose l = -t + m*t - 166, 0 = t + 4*l - 51. Is t composite?
True
Let r(y) = -6*y**3 - 8*y**2 - 2*y - 5. Is r(-4) a prime number?
False
Let f(a) = 2*a + 749. Is f(0) a prime number?
False
Let q be (52/10)/(2/320). Suppose -q = -2*i - 2*i. Suppose -b - 40 + i = 5*j, 0 = 5*j - 5*b -